{"id":1252,"date":"2022-09-27T15:54:58","date_gmt":"2022-09-27T13:54:58","guid":{"rendered":"https:\/\/www.synergieasbl.net\/nouveau\/?page_id=1252"},"modified":"2026-03-06T17:49:13","modified_gmt":"2026-03-06T16:49:13","slug":"formation-la-systemique-au-coeur-des-equipes","status":"publish","type":"page","link":"https:\/\/www.synergieasbl.net\/nouveau\/formation-la-systemique-au-coeur-des-equipes\/","title":{"rendered":"FORMATION &#8211; La syst\u00e9mique au c\u0153ur des \u00e9quipes"},"content":{"rendered":"\n<div class=\"wp-block-media-text alignwide is-stacked-on-mobile\" style=\"grid-template-columns:23% auto\"><figure class=\"wp-block-media-text__media\"><img loading=\"lazy\" decoding=\"async\" width=\"300\" height=\"300\" src=\"https:\/\/www.synergieasbl.net\/nouveau\/wp-content\/uploads\/2025\/11\/Systemique-3.png\" alt=\"\" class=\"wp-image-2353 size-full\" srcset=\"https:\/\/www.synergieasbl.net\/nouveau\/wp-content\/uploads\/2025\/11\/Systemique-3.png 300w, https:\/\/www.synergieasbl.net\/nouveau\/wp-content\/uploads\/2025\/11\/Systemique-3-150x150.png 150w\" sizes=\"auto, (max-width: 300px) 100vw, 300px\" \/><\/figure><div class=\"wp-block-media-text__content\">\n<h4 class=\"wp-block-heading\">La syst\u00e9mique au c\u0153ur des \u00e9quipes<\/h4>\n\n\n\n<p>4 jours sur site<br>Une analyse de demande sera r\u00e9alis\u00e9e pr\u00e9alablement.<br>Contact : info@synergieasbl.net<\/p>\n<\/div><\/div>\n\n\n\n<p>Au niveau m\u00e9thodologique, cette initiation \u00e0 la syst\u00e9mique est pens\u00e9e \u00e0 partir des besoins des intervenant\u00b7es autour de leur<br>questionnement clinique \/ de terrain. <br>En quoi les situations rencontr\u00e9es peuvent \u00eatre lues, pens\u00e9es sous le prisme d\u2019un regard incluant les diff\u00e9rents membres du syst\u00e8me : b\u00e9n\u00e9ficiaire, famille, travailleur\u00b7euses ?<br><br>Persuad\u00e9es que \u00ab c\u2019est en faisant qu\u2019on apprend \u00bb, les formatrices proposeront \u00e9galement, lors de ces temps formatifs, des exercices : jeux de r\u00f4le, utilisation d\u2019objets flottants.<\/p>\n\n\n\n<p><\/p>\n\n\n\n<p class=\"has-palette-color-8-color has-text-color\">blanc<\/p>\n\n\n\n<p><\/p>\n","protected":false},"excerpt":{"rendered":"<p>La syst\u00e9mique au c\u0153ur des \u00e9quipes 4 jours sur siteUne analyse de demande sera r\u00e9alis\u00e9e pr\u00e9alablement.Contact : info@synergieasbl.net Au niveau m\u00e9thodologique, cette initiation \u00e0 la syst\u00e9mique est pens\u00e9e \u00e0 partir des besoins des intervenant\u00b7es autour de leurquestionnement clinique \/ de terrain. En quoi les situations rencontr\u00e9es peuvent \u00eatre lues, pens\u00e9es sous le prisme d\u2019un regard [&hellip;]<\/p>\n","protected":false},"author":1,"featured_media":0,"parent":0,"menu_order":0,"comment_status":"closed","ping_status":"closed","template":"","meta":{"footnotes":""},"class_list":["post-1252","page","type-page","status-publish","hentry"],"blocksy_meta":{"styles_descriptor":{"styles":{"desktop":"","tablet":"","mobile":""},"google_fonts":[],"version":6}},"_links":{"self":[{"href":"https:\/\/www.synergieasbl.net\/nouveau\/wp-json\/wp\/v2\/pages\/1252","targetHints":{"allow":["GET"]}}],"collection":[{"href":"https:\/\/www.synergieasbl.net\/nouveau\/wp-json\/wp\/v2\/pages"}],"about":[{"href":"https:\/\/www.synergieasbl.net\/nouveau\/wp-json\/wp\/v2\/types\/page"}],"author":[{"embeddable":true,"href":"https:\/\/www.synergieasbl.net\/nouveau\/wp-json\/wp\/v2\/users\/1"}],"replies":[{"embeddable":true,"href":"https:\/\/www.synergieasbl.net\/nouveau\/wp-json\/wp\/v2\/comments?post=1252"}],"version-history":[{"count":10,"href":"https:\/\/www.synergieasbl.net\/nouveau\/wp-json\/wp\/v2\/pages\/1252\/revisions"}],"predecessor-version":[{"id":2438,"href":"https:\/\/www.synergieasbl.net\/nouveau\/wp-json\/wp\/v2\/pages\/1252\/revisions\/2438"}],"wp:attachment":[{"href":"https:\/\/www.synergieasbl.net\/nouveau\/wp-json\/wp\/v2\/media?parent=1252"}],"curies":[{"name":"wp","href":"https:\/\/api.w.org\/{rel}","templated":true}]}}

FORMATION &#8211; La systémique au cœur des équipes

<div class="wp-block-media-text alignwide is-stacked-on-mobile" style="grid-template-columns:23% auto"><figure class="wp-block-media-text__media"><img loading="lazy" decoding="async" width="300" height="300" src="https://www.synergieasbl.net/nouveau/wp-content/uploads/2025/11/Systemique-3.png" alt="" class="wp-image-2353 size-full" srcset="https://www.synergieasbl.net/nouveau/wp-content/uploads/2025/11/Systemique-3.png 300w, https://www.synergieasbl.net/nouveau/wp-content/uploads/2025/11/Systemique-3-150x150.png 150w" sizes="auto, (max-width: 300px) 100vw, 300px" /></figure><div class="wp-block-media-text__content">
<h4 class="wp-block-heading">La systémique au cœur des équipes</h4>



<p>4 jours sur site<br>Une analyse de demande sera réalisée préalablement.<br>Contact : info@synergieasbl.net</p>
</div></div>



<p>Au niveau méthodologique, cette initiation à la systémique est pensée à partir des besoins des intervenant·es autour de leur<br>questionnement clinique / de terrain. <br>En quoi les situations rencontrées peuvent être lues, pensées sous le prisme d’un regard incluant les différents membres du système : bénéficiaire, famille, travailleur·euses ?<br><br>Persuadées que « c’est en faisant qu’on apprend », les formatrices proposeront également, lors de ces temps formatifs, des exercices : jeux de rôle, utilisation d’objets flottants.</p>



<p></p>



<p class="has-palette-color-8-color has-text-color">blanc</p>



<p></p>

<p>La systémique au cœur des équipes 4 jours sur siteUne analyse de demande sera réalisée préalablement.Contact : info@synergieasbl.net Au niveau méthodologique, cette initiation à la systémique est pensée à partir des besoins des intervenant·es autour de leurquestionnement clinique / de terrain. En quoi les situations rencontrées peuvent être lues, pensées sous le prisme d’un regard [&hellip;]</p>
