{"id":16,"date":"2021-07-26T18:23:21","date_gmt":"2021-07-26T16:23:21","guid":{"rendered":"https:\/\/www.synergieasbl.net\/nouveau\/?page_id=16"},"modified":"2026-04-21T14:58:51","modified_gmt":"2026-04-21T12:58:51","slug":"qui-sommes-nous","status":"publish","type":"page","link":"https:\/\/www.synergieasbl.net\/nouveau\/qui-sommes-nous\/","title":{"rendered":"Qui sommes-nous ?"},"content":{"rendered":"\n<h2 class=\"wp-block-heading\" id=\"projet\">Le projet &#8211; Orientations<\/h2>\n\n\n\n<p>Synergie m\u00e8ne des activit\u00e9s d\u2019intervention sur les questions, les personnes et les lieux en lien avec la jeunesse au sens large. Les valeurs qui sous-tendent sa d\u00e9marche sont la justice sociale, la participation d\u00e9mocratique, la compr\u00e9hension des enjeux par le plus grand nombre et la prise en compte r\u00e9elle des jeunes pour tout ce qui les concerne.<\/p>\n\n\n\n<ul class=\"wp-block-list\">\n<li>Les<em>&nbsp;probl\u00e9matiques&nbsp;<\/em>concernant la jeunesse sont abord\u00e9es \u00e0 travers les champs de l\u2019\u00e9ducation, de l\u2019insertion socio-professionnelle, de la culture, de l\u2019accompagnement social, de la pr\u00e9vention et du p\u00e9nal<em>.<\/em><\/li>\n\n\n\n<li>Les actions de Synergie s\u2019adressent aux<em>&nbsp;acteurs concern\u00e9s par ces probl\u00e9matiques,<\/em>&nbsp;en particulier les professionnel\u00b7les de ces champs d\u2019action et les d\u00e9cideurs politiques.<\/li>\n\n\n\n<li>Synergie promeut une&nbsp;<em>dynamique de changement<\/em>&nbsp;port\u00e9e par les acteurs eux-m\u00eames.<\/li>\n<\/ul>\n\n\n\n<p class=\"has-text-align-center\"><a rel=\"noreferrer noopener\" href=\"\/nouveau\/wp-content\/uploads\/2021\/09\/Charte.pdf\" target=\"_blank\">Voir la charte de Synergie<\/a><\/p>\n\n\n\n<h3 class=\"wp-block-heading\">Outils d\u2019intervention<\/h3>\n\n\n\n<p>Les outils d\u2019intervention privil\u00e9gi\u00e9s \u00e0 Synergie sont le&nbsp;<a href=\"\/nouveau\/formations\/\">processus formatif<\/a>&nbsp;et le&nbsp;<a href=\"\/nouveau\/ressources\/\">processus de recherche<\/a>. La r\u00e9flexion, le savoir et la compr\u00e9hension ne sont pas des fins en soi mais des moyens pour la mobilisation et l\u2019action.<\/p>\n\n\n\n<p>Synergie propose aux acteurs des outils qui stimulent la r\u00e9flexivit\u00e9 (la construction de r\u00e9flexion et de discours critique par les acteurs) et qui accroissent le capital des comp\u00e9tences accumul\u00e9es (non seulement des aptitudes techniques mais une capacit\u00e9 de s\u2019affirmer et de se positionner en acteur).<\/p>\n\n\n\n<h3 class=\"wp-block-heading\">Public<\/h3>\n\n\n\n<p>Synergie travaille avec les institutions et les professionnel\u00b7les des secteurs qui touchent aux probl\u00e9matiques de jeunesse (\u00e9ducation, insertion socioprofessionnelle, culture, enseignement&#8230;).<\/p>\n\n\n\n<p>En raison de sa politique de formation, Synergie a obtenu, dans le cadre de l\u2019Aide \u00e0 la jeunesse, une reconnaissance d\u00e9bouchant sur un \u201cagr\u00e9ment\u201d des pratiques d\u2019intervention de Synergie, pour les intervenant\u00b7es sociaux de ce secteur. <\/p>\n\n\n\n<p>C\u2019est ainsi qu\u2019annuellement Synergie propose un programme de formation et offre en outre, aux institutions qui en font la demande, des interventions sur site (accompagnement d\u2019\u00e9quipe, supervision, accompagnement \u00e0 la r\u00e9flexion, \u00e9laboration d\u2019un programme sp\u00e9cifique&#8230;).<\/p>\n\n\n\n<h2 class=\"wp-block-heading\" id=\"equipe\">L&rsquo;\u00e9quipe et nos collaborateur\u00b7trices<\/h2>\n\n\n\n<p id=\"block-2b968756-4de1-4911-b983-cdc4a42f27d9\"><strong>L\u2019\u00e9quipe interne<\/strong> pluridisciplinaire r\u00e9unit les personnes employ\u00e9es par l\u2019institution qui peuvent assurer tant la conception du dispositif que la prestation ou l\u2019\u00e9valuation :<\/p>\n\n\n\n<ul class=\"wp-block-list\">\n<li>Direction :\n<ul class=\"wp-block-list\">\n<li>Sophie DETOURNAY, licenci\u00e9e en communication, directrice<\/li>\n<\/ul>\n<\/li>\n<\/ul>\n\n\n\n<ul class=\"wp-block-list\">\n<li>Administratif :\n<ul class=\"wp-block-list\">\n<li>B\u00e9n\u00e9dicte FREBUTTE, responsable administrative et financi\u00e8re<\/li>\n\n\n\n<li>Lorena ULUITEANU, responsable accueil et communication, intervenante<\/li>\n<\/ul>\n<\/li>\n<\/ul>\n\n\n\n<ul class=\"wp-block-list\">\n<li>\u00c9quipe p\u00e9dagogique interne :  \n\n\n<ul class=\"wp-block-list\">\n<li>Anne-Sophie ALARDIN, psychologue, psychoth\u00e9rapeute d&rsquo;orientation analytique, intervenante<\/li>\n\n\n\n<li>Beno\u00eet DE DECKER, \u00e9ducateur, intervenant<\/li>\n\n\n\n<li>Sophie DETOURNAY, licenci\u00e9e en communication, directrice, intervenante<\/li>\n\n\n\n<li>H\u00e9l\u00e8ne DUTRY, assistante sociale, syst\u00e9micienne, intervenante<\/li>\n\n\n\n<li>Claudia GERAETS, sociologue du travail, syst\u00e9micienne, intervenante<\/li>\n\n\n\n<li>Fabienne GIGANDET, licenci\u00e9e en sciences politiques, psychoth\u00e9rapeute d&rsquo;orientation analytique, intervenante<\/li>\n<\/ul>\n<\/li>\n<\/ul>\n\n\n\n<p id=\"block-56adfad6-a9b1-419d-8643-81bd83b1d4ed\">Une <strong>\u00e9quipe de collaborateur\u00b7rices ext\u00e9rieur\u00b7es<\/strong>, aux comp\u00e9tences et aux exp\u00e9riences vari\u00e9es et diff\u00e9rentes, <br>assure \u00e9galement des prestations :<\/p>\n\n\n\n<ul class=\"wp-block-list\">\n<li>Hanane ANEJOUI, criminologue clinicienne<\/li>\n\n\n\n<li>Mayling BRIET, assistante sociale, intervenante en analyse de la pratique<\/li>\n\n\n\n<li>Olivier CHENEBON, superviseur d&rsquo;orientation analytique et syst\u00e9mique<\/li>\n\n\n\n<li>Didier CORTISSE, \u00e9ducateur sp\u00e9cialis\u00e9, syst\u00e9micien<\/li>\n\n\n\n<li>Alice COULEUVRAT, psychologue clinicienne et syst\u00e9micienne<\/li>\n\n\n\n<li>Christian DEHASPE, assistant social, syst\u00e9micien<\/li>\n\n\n\n<li>Beno\u00eet DE MEYER, psychologue clinicien<\/li>\n\n\n\n<li>Sylvia DI MATTEO, psychologue<\/li>\n\n\n\n<li>Alain DUPONT, psychologue clinicien<\/li>\n\n\n\n<li>Eric HENRARD, \u00e9ducateur, psychomotricien, ma\u00eetre praticien en PNL<\/li>\n\n\n\n<li>Catherine HEULE, licenci\u00e9e en philologie romane, intervenante en institution, orientation psychanalytique<\/li>\n\n\n\n<li>Yves JAB\u00c9, psychologue clinicien<\/li>\n\n\n\n<li>Eva JACOBS, psychologue clinicienne, syst\u00e9micienne<\/li>\n\n\n\n<li>Marie-Claude LACROIX, licenci\u00e9e en philosophie<\/li>\n\n\n\n<li>Fouad LAHSSAINI, psychologue, psychoth\u00e9rapeute<\/li>\n\n\n\n<li>Charles LEJEUNE, assistant social, licenci\u00e9 en politique de formation<\/li>\n\n\n\n<li>V\u00e9ronique LIEBLING, psychologue, syst\u00e9micienne<\/li>\n\n\n\n<li>Christine MAHIEU, juriste, m\u00e9diatrice<\/li>\n\n\n\n<li>Marie MOUSSIAUX, assistante en psychologie, syst\u00e9micienne<\/li>\n\n\n\n<li>Fr\u00e9d\u00e9ric MULLER, psychologue clinicien, syst\u00e9micien<\/li>\n\n\n\n<li>Julie TROCM\u00c9, psychologue clinicienne <\/li>\n\n\n\n<li>Reine VANDER LINDEN, psychologue clinicienne<\/li>\n<\/ul>\n\n\n\n<h2 class=\"wp-block-heading\" id=\"historique\">Historique<\/h2>\n\n\n\n<p>Synergie est une association pluraliste, cr\u00e9\u00e9e en 1988 par des acteurs du monde associatif intervenant dans les domaines de la formation, de l&rsquo;\u00e9ducation permanente et de l&rsquo;Aide \u00e0 la jeunesse.<\/p>\n\n\n\n<p>Le projet initial remonte \u00e0 1986 et \u00e0 la r\u00e9daction d&rsquo;un ouvrage, \u00ab\u00a0Marge \u00e0 suivre\u00a0\u00bb, une sorte de manifeste dans lequel un ensemble de praticiens de l&rsquo;Aide \u00e0 la jeunesse en milieu ouvert s&rsquo;interrogent sur le parcours des jeunes marginalis\u00e9s avec lesquels ils travaillent. <\/p>\n\n\n\n<p>Cette interrogation nourrira les premiers travaux de Synergie qui, tr\u00e8s vite, d\u00e9fendront la n\u00e9cessit\u00e9 d&rsquo;une analyse et d&rsquo;une action \u00ab\u00a0int\u00e9gr\u00e9e\u00a0\u00bb par rapport \u00e0 la marginalisation : cette marge suivie par les jeunes fr\u00f4le non seulement le domaine de la scolarit\u00e9, l&rsquo;insertion professionnelle, l&rsquo;insertion sociale mais aussi la protection de la jeunesse et la d\u00e9linquance.<\/p>\n\n\n\n<p>\u00ab\u00a0Marge \u00e0 suivre\u00a0\u00bb et la r\u00e9flexion qui y est d\u00e9velopp\u00e9e ont constitu\u00e9 le moment fondateur de l\u2019association.<\/p>\n\n\n\n<h2 class=\"wp-block-heading\">Assembl\u00e9e g\u00e9n\u00e9rale et Conseil d\u2019administration<\/h2>\n\n\n\n<p>L\u2019assembl\u00e9e g\u00e9n\u00e9rale et le conseil d&rsquo;administration de l&rsquo;asbl sont actuellement compos\u00e9s de personnes engag\u00e9es, \u00e0 diff\u00e9rents titres, dans des domaines qui se rapportent \u00e0 l&rsquo;objet social de l&rsquo;association, tel que d\u00e9fini dans les statuts.<\/p>\n\n\n\n<p class=\"has-palette-color-8-color has-text-color\">blanc<\/p>\n","protected":false},"excerpt":{"rendered":"<p>Le projet &#8211; Orientations Synergie m\u00e8ne des activit\u00e9s d\u2019intervention sur les questions, les personnes et les lieux en lien avec la jeunesse au sens large. Les valeurs qui sous-tendent sa d\u00e9marche sont la justice sociale, la participation d\u00e9mocratique, la compr\u00e9hension des enjeux par le plus grand nombre et la prise en compte r\u00e9elle des jeunes [&hellip;]<\/p>\n","protected":false},"author":1,"featured_media":0,"parent":0,"menu_order":0,"comment_status":"closed","ping_status":"closed","template":"","meta":{"footnotes":""},"class_list":["post-16","page","type-page","status-publish","hentry"],"blocksy_meta":{"styles_descriptor":{"styles":{"desktop":"","tablet":"","mobile":""},"google_fonts":[],"version":6}},"_links":{"self":[{"href":"https:\/\/www.synergieasbl.net\/nouveau\/wp-json\/wp\/v2\/pages\/16","targetHints":{"allow":["GET"]}}],"collection":[{"href":"https:\/\/www.synergieasbl.net\/nouveau\/wp-json\/wp\/v2\/pages"}],"about":[{"href":"https:\/\/www.synergieasbl.net\/nouveau\/wp-json\/wp\/v2\/types\/page"}],"author":[{"embeddable":true,"href":"https:\/\/www.synergieasbl.net\/nouveau\/wp-json\/wp\/v2\/users\/1"}],"replies":[{"embeddable":true,"href":"https:\/\/www.synergieasbl.net\/nouveau\/wp-json\/wp\/v2\/comments?post=16"}],"version-history":[{"count":59,"href":"https:\/\/www.synergieasbl.net\/nouveau\/wp-json\/wp\/v2\/pages\/16\/revisions"}],"predecessor-version":[{"id":2482,"href":"https:\/\/www.synergieasbl.net\/nouveau\/wp-json\/wp\/v2\/pages\/16\/revisions\/2482"}],"wp:attachment":[{"href":"https:\/\/www.synergieasbl.net\/nouveau\/wp-json\/wp\/v2\/media?parent=16"}],"curies":[{"name":"wp","href":"https:\/\/api.w.org\/{rel}","templated":true}]}}

<h2 class="wp-block-heading" id="projet">Le projet &#8211; Orientations</h2>



<p>Synergie mène des activités d’intervention sur les questions, les personnes et les lieux en lien avec la jeunesse au sens large. Les valeurs qui sous-tendent sa démarche sont la justice sociale, la participation démocratique, la compréhension des enjeux par le plus grand nombre et la prise en compte réelle des jeunes pour tout ce qui les concerne.</p>



<ul class="wp-block-list">
<li>Les<em>&nbsp;problématiques&nbsp;</em>concernant la jeunesse sont abordées à travers les champs de l’éducation, de l’insertion socio-professionnelle, de la culture, de l’accompagnement social, de la prévention et du pénal<em>.</em></li>



<li>Les actions de Synergie s’adressent aux<em>&nbsp;acteurs concernés par ces problématiques,</em>&nbsp;en particulier les professionnel·les de ces champs d’action et les décideurs politiques.</li>



<li>Synergie promeut une&nbsp;<em>dynamique de changement</em>&nbsp;portée par les acteurs eux-mêmes.</li>
</ul>



<p class="has-text-align-center"><a rel="noreferrer noopener" href="/nouveau/wp-content/uploads/2021/09/Charte.pdf" target="_blank">Voir la charte de Synergie</a></p>



<h3 class="wp-block-heading">Outils d’intervention</h3>



<p>Les outils d’intervention privilégiés à Synergie sont le&nbsp;<a href="/nouveau/formations/">processus formatif</a>&nbsp;et le&nbsp;<a href="/nouveau/ressources/">processus de recherche</a>. La réflexion, le savoir et la compréhension ne sont pas des fins en soi mais des moyens pour la mobilisation et l’action.</p>



<p>Synergie propose aux acteurs des outils qui stimulent la réflexivité (la construction de réflexion et de discours critique par les acteurs) et qui accroissent le capital des compétences accumulées (non seulement des aptitudes techniques mais une capacité de s’affirmer et de se positionner en acteur).</p>



<h3 class="wp-block-heading">Public</h3>



<p>Synergie travaille avec les institutions et les professionnel·les des secteurs qui touchent aux problématiques de jeunesse (éducation, insertion socioprofessionnelle, culture, enseignement&#8230;).</p>



<p>En raison de sa politique de formation, Synergie a obtenu, dans le cadre de l’Aide à la jeunesse, une reconnaissance débouchant sur un “agrément” des pratiques d’intervention de Synergie, pour les intervenant·es sociaux de ce secteur. </p>



<p>C’est ainsi qu’annuellement Synergie propose un programme de formation et offre en outre, aux institutions qui en font la demande, des interventions sur site (accompagnement d’équipe, supervision, accompagnement à la réflexion, élaboration d’un programme spécifique&#8230;).</p>



<h2 class="wp-block-heading" id="equipe">L&rsquo;équipe et nos collaborateur·trices</h2>



<p id="block-2b968756-4de1-4911-b983-cdc4a42f27d9"><strong>L’équipe interne</strong> pluridisciplinaire réunit les personnes employées par l’institution qui peuvent assurer tant la conception du dispositif que la prestation ou l’évaluation :</p>



<ul class="wp-block-list">
<li>Direction :
<ul class="wp-block-list">
<li>Sophie DETOURNAY, licenciée en communication, directrice</li>
</ul>
</li>
</ul>



<ul class="wp-block-list">
<li>Administratif :
<ul class="wp-block-list">
<li>Bénédicte FREBUTTE, responsable administrative et financière</li>



<li>Lorena ULUITEANU, responsable accueil et communication, intervenante</li>
</ul>
</li>
</ul>



<ul class="wp-block-list">
<li>Équipe pédagogique interne :  


<ul class="wp-block-list">
<li>Anne-Sophie ALARDIN, psychologue, psychothérapeute d&rsquo;orientation analytique, intervenante</li>



<li>Benoît DE DECKER, éducateur, intervenant</li>



<li>Sophie DETOURNAY, licenciée en communication, directrice, intervenante</li>



<li>Hélène DUTRY, assistante sociale, systémicienne, intervenante</li>



<li>Claudia GERAETS, sociologue du travail, systémicienne, intervenante</li>



<li>Fabienne GIGANDET, licenciée en sciences politiques, psychothérapeute d&rsquo;orientation analytique, intervenante</li>
</ul>
</li>
</ul>



<p id="block-56adfad6-a9b1-419d-8643-81bd83b1d4ed">Une <strong>équipe de collaborateur·rices extérieur·es</strong>, aux compétences et aux expériences variées et différentes, <br>assure également des prestations :</p>



<ul class="wp-block-list">
<li>Hanane ANEJOUI, criminologue clinicienne</li>



<li>Mayling BRIET, assistante sociale, intervenante en analyse de la pratique</li>



<li>Olivier CHENEBON, superviseur d&rsquo;orientation analytique et systémique</li>



<li>Didier CORTISSE, éducateur spécialisé, systémicien</li>



<li>Alice COULEUVRAT, psychologue clinicienne et systémicienne</li>



<li>Christian DEHASPE, assistant social, systémicien</li>



<li>Benoît DE MEYER, psychologue clinicien</li>



<li>Sylvia DI MATTEO, psychologue</li>



<li>Alain DUPONT, psychologue clinicien</li>



<li>Eric HENRARD, éducateur, psychomotricien, maître praticien en PNL</li>



<li>Catherine HEULE, licenciée en philologie romane, intervenante en institution, orientation psychanalytique</li>



<li>Yves JABÉ, psychologue clinicien</li>



<li>Eva JACOBS, psychologue clinicienne, systémicienne</li>



<li>Marie-Claude LACROIX, licenciée en philosophie</li>



<li>Fouad LAHSSAINI, psychologue, psychothérapeute</li>



<li>Charles LEJEUNE, assistant social, licencié en politique de formation</li>



<li>Véronique LIEBLING, psychologue, systémicienne</li>



<li>Christine MAHIEU, juriste, médiatrice</li>



<li>Marie MOUSSIAUX, assistante en psychologie, systémicienne</li>



<li>Frédéric MULLER, psychologue clinicien, systémicien</li>



<li>Julie TROCMÉ, psychologue clinicienne </li>



<li>Reine VANDER LINDEN, psychologue clinicienne</li>
</ul>



<h2 class="wp-block-heading" id="historique">Historique</h2>



<p>Synergie est une association pluraliste, créée en 1988 par des acteurs du monde associatif intervenant dans les domaines de la formation, de l&rsquo;éducation permanente et de l&rsquo;Aide à la jeunesse.</p>



<p>Le projet initial remonte à 1986 et à la rédaction d&rsquo;un ouvrage, « Marge à suivre », une sorte de manifeste dans lequel un ensemble de praticiens de l&rsquo;Aide à la jeunesse en milieu ouvert s&rsquo;interrogent sur le parcours des jeunes marginalisés avec lesquels ils travaillent. </p>



<p>Cette interrogation nourrira les premiers travaux de Synergie qui, très vite, défendront la nécessité d&rsquo;une analyse et d&rsquo;une action « intégrée » par rapport à la marginalisation : cette marge suivie par les jeunes frôle non seulement le domaine de la scolarité, l&rsquo;insertion professionnelle, l&rsquo;insertion sociale mais aussi la protection de la jeunesse et la délinquance.</p>



<p>« Marge à suivre » et la réflexion qui y est développée ont constitué le moment fondateur de l’association.</p>



<h2 class="wp-block-heading">Assemblée générale et Conseil d’administration</h2>



<p>L’assemblée générale et le conseil d&rsquo;administration de l&rsquo;asbl sont actuellement composés de personnes engagées, à différents titres, dans des domaines qui se rapportent à l&rsquo;objet social de l&rsquo;association, tel que défini dans les statuts.</p>



<p class="has-palette-color-8-color has-text-color">blanc</p>

<p>Le projet &#8211; Orientations Synergie mène des activités d’intervention sur les questions, les personnes et les lieux en lien avec la jeunesse au sens large. Les valeurs qui sous-tendent sa démarche sont la justice sociale, la participation démocratique, la compréhension des enjeux par le plus grand nombre et la prise en compte réelle des jeunes [&hellip;]</p>
